 = -62 - -67. Determine c(m).
-11
Let h = 20 - 29. Let g = h - -9. Suppose a = -3, n + 0*n + 2*a + 1 = g. Let m(r) = r**3 - 6*r**2 + 6*r - 4. Calculate m(n).
1
Let d = 0 + 1. Let m(x) = -6*x**2 + 4*x + 5. Let k(o) = -5*o**2 + 5*o + 6. Let w = -12 - -8. Let a(g) = w*k(g) + 5*m(g). What is a(d)?
-9
Let k(t) = -1 + 7*t + 41*t**2 - 17*t**2 - 11*t**2 - 5*t**3 - 1. Let r(l) = -2 + 3*l - l**3 + 4*l - 3*l**3 + 12*l**2. Let w(a) = -5*k(a) + 6*r(a). Give w(-6).
-8
Suppose -3*o + 3*i = 0, o + i = -2*o - 16. Let v(g) = -6*g - 18. Let p be v(o). Let l(k) = k**2 - 6*k + 7 - 3*k + k. What is l(p)?
-5
Let s(t) = -t**2 - 5*t + 2. Let o(h) = 4*h + 8. Let g(y) = y + 3. Let x(a) = -10*g(a) + 3*o(a). Let p be x(4). Suppose p*b + 6 = -6. Give s(b).
-4
Let j(u) = u**3 - 5*u**2 + 2*u - 4. Let o be j(4). Let c be (-198)/(-8) - 3/o. Suppose -3*f - 2*f + c = 0. Let w(v) = v**3 - 5*v**2 - 2*v + 7. Calculate w(f).
-3
Let i(s) = -s**2 - 5*s - 5. Let r(t) = -t**3 - 3*t**2 + 23*t + 71. Let o be r(-4). Determine i(o).
-5
Suppose -4*r = -9*r + 10. Let i(h) = h + 3*h - r*h**2 + 1 - 4*h. What is i(2)?
-7
Let d be (-1)/(-3)*(2 + 4). Let f be 4/8*10 - d. Let b(c) = f*c + 1 - 3*c - c. Give b(3).
-2
Let l(k) be the first derivative of 1/2*k**2 + 8 + 1/3*k**3 - 3*k. Let g = -5 - -2. What is l(g)?
3
Let v be (4 - -72) + 0/(0 - -2). Let t = -74 + v. Let a(r) = -2*r**2 + 2*r - 2. Give a(t).
-6
Let k be (-62)/(-8) - (-3)/(-4). Let f(w) = -5*w + 39. Give f(k).
4
Suppose o + 448 = -55*o. Let i(b) = -b**3 - 8*b**2 - 4*b - 23. Give i(o).
9
Let c(n) be the third derivative of n**5/30 + n**3/3 - 7*n**2. Let q(y) be the first derivative of c(y). Give q(1).
4
Suppose 0 = -8*a + 17 + 23. Let v(n) be the second derivative of -1/20*n**a - 4*n - n**2 + 1/2*n**4 + 0 - n**3. Give v(5).
-7
Suppose 2*z - 3*s = 7*z - 18, 3*s = 4*z - 36. Let v(k) = k**3 - 6*k**2 - k + 12. Calculate v(z).
6
Let w(c) = 19*c**3 - 6*c**2 + 10 - 7*c**3 - 13*c**3 + 8*c. Calculate w(-7).
3
Let n = 78 - 99. Let d = n - -13. Let q(t) = -t**3 - 7*t**2 + 8*t - 6. Determine q(d).
-6
Let b(l) = -1538*l**2 + 763*l**2 + 772*l**2. What is b(-3)?
-27
Let w(z) be the third derivative of -z**5/40 + 5*z**3/3 + 23*z**2. Let j(n) be the first derivative of w(n). Let a be -5 + (0 - 2/(-2)). Calculate j(a).
12
Let s(z) = -z**2 + 6*z + 7. Suppose -1080 = -4*x + 312. Let d be (-2)/17 + x/68. What is s(d)?
12
Let f(q) be the third derivative of q**5/60 - q**4/6 + q**3/3 - 2*q**2. Let u(j) = j**3 - 5*j**2 + 19*j - 54. Let r be u(4). Calculate f(r).
14
Let b(s) = 4650*s - 16 - 2329*s - 2327*s - 28. Calculate b(-6).
-8
Let t(f) = -9*f**2 - 8*f + 21*f**2 - f**3 - 4*f**2 + 2*f**3. Calculate t(-9).
-9
Let b(q) = -32*q + 11. Let s = -43 + 51. Let h(c) = 11*c - 4. Let m(y) = s*h(y) + 3*b(y). Give m(1).
-7
Let x(c) = c**3 - 3*c**2 + 2*c - 3. Let p be x(2). Let m(v) = -65 - 60 + 127 + 6*v - 2*v. Give m(p).
-10
Let c be ((-1)/2)/((-26)/260). Suppose 12 = 3*r + i + 4, -c*i = -3*r - 4. Let d(g) = 0*g - 4*g**2 + 2*g**2 + g + 3*g**2. What is d(r)?
6
Let c(k) = -k**3 + 2*k**2 + k + 1. Let t be (7 - -3)*(-3)/(-6). Suppose -4 = t*w + 6. Let n be 24/13 - w/13. Give c(n).
3
Let c(t) = -2*t - 12. Suppose 9*b + 9*b = 0. Calculate c(b).
-12
Let i(r) = 38598*r**3 - 38597*r**3 + 7*r**2 - 9*r + 3 - 10. Calculate i(-8).
1
Let w(c) = -45*c**2 - 26*c + 5. Let p(s) = 16*s**2 + 9*s - 2. Let k(x) = -17*p(x) - 6*w(x). Give k(5).
-31
Let m(q) = -54*q + 1. Let h(v) = -434*v + 14. Let f(d) = -h(d) + 8*m(d). Suppose 2*y - 3*y + 4 = 0. Determine f(y).
2
Let x(h) = -h - 18. Let u(m) = 2*m + 45. Let d(f) = 2*u(f) + 5*x(f). Suppose -6 - 2 = 4*g. Calculate d(g).
2
Let r(d) = -d - 1. Let u(f) = -f + 1. Let w(z) = -6*z. Let l(g) = -5*u(g) + w(g). Let x be l(-4). Calculate r(x).
0
Suppose -4*u = -0*u + 16. Let m(i) be the third derivative of 0 + 1/2*i**3 + 0*i + 1/60*i**5 + 1/6*i**4 - 16*i**2. Determine m(u).
3
Suppose 9*m - 4*m = -4*i + 69, -4*m = 4*i - 72. Let l = -17 + i. Let c(t) = -7*t**2 + 4*t**2 + l*t**2 + 2*t. Give c(-3).
3
Suppose 0 = -r + 1. Let v = -30 + 33. Let u(a) = -r + 3*a - 6*a + 4*a + v. What is u(0)?
2
Let c(s) = -s + 9. Let q be c(4). Let o(v) be the second derivative of -1/2*v**2 + 4*v + 1/12*v**4 + 0 - 1/2*v**3. Calculate o(q).
9
Let n = -10 + 13. Let x(b) = b + 2*b**3 - n*b - 7 - 3*b**3 + 2*b**3 + 5*b**2. Let u(g) = g - 9. Let p be u(4). Give x(p).
3
Let v(i) be the third derivative of -i**8/5040 + i**6/720 + i**5/6 - 31*i**2. Let s(g) be the third derivative of v(g). Give s(2).
-15
Let o(m) be the second derivative of -m**6/720 + 3*m**5/40 - 5*m**4/2 + 5*m. Let l(s) be the third derivative of o(s). What is l(0)?
9
Let o(r) = 29*r + 287. Let c be o(-10). Let z(g) = -3*g + 4. Determine z(c).
13
Let o(p) = p**3 - 2*p - 3. Suppose k + 4*v = -32, 2*v = -5*k - 11 - 131. Let x be k/(-10) - 23/(-115). Calculate o(x).
18
Let x(v) = -7*v - 4. Let u(c) = c**3 - 6*c**2 + 10*c - 58. Let z be u(6). What is x(z)?
-18
Suppose -7*j + 6*j + 4 = 0. Let a(q) = q - q + q**2 - j*q + 6. Suppose 0*u - 8 = -2*u. Give a(u).
6
Let h = 75 - 77. Let i(z) = -3*z**3 + 1. Determine i(h).
25
Let z(l) be the first derivative of 0*l + 2*l**2 + 1/8*l**4 - 1/60*l**5 + 11 - 1/2*l**3. Let d(q) be the second derivative of z(q). Calculate d(2).
-1
Let p(j) = -9*j + 49. Let m be ((-21)/(-42))/(((-4)/(-40))/1). Calculate p(m).
4
Let a(c) = -c**2 + 3*c - 1. Let s(m) = -m**3 + 9*m**2 - 4*m - 27. Let k be s(8). Give a(k).
-11
Let w(f) be the second derivative of -f**5/40 - f**4/8 - 8*f**3/3 - 50*f. Let c(r) be the second derivative of w(r). Let v = 1 + -5. Calculate c(v).
9
Let r(b) = 7*b**3 - 8*b**2 - 5*b - 3. Let p(x) = 2*x**3 - x**2 - 2*x - 1. Let f(u) = 3*p(u) - r(u). Give f(5).
-5
Suppose -3*u + 3*a + 2*a = -43, 0 = -2*u + 4*a + 32. Let y(p) = u + p - 5 - 1. Let v(h) = 8*h**3 + 2*h - 1. Let q(m) = v(m) - 2*y(m). Give q(1).
7
Suppose 3*k + 15 = 0, b - 3*k = 2*b + 13. Let i(r) = -5 - 4 - r**3 + 8 - 3*r**b - 3*r. Determine i(-2).
1
Let o be 280/(-42)*9/(-30). Let l(j) = 3*j**2 - 2*j - 2. What is l(o)?
6
Suppose 9 = -3*w - 0*w. Let t(o) = o**2 + 6*o - 5. Let m be ((-3)/(-2))/(1/2). Let c(y) = 2*y**2 + 11*y - 9. Let r(l) = m*c(l) - 5*t(l). Give r(w).
-2
Let d(o) be the third derivative of -o**6/240 + o**5/60 + 3*o**4/2 + 21*o**2. Let l(b) be the second derivative of d(b). Calculate l(-6).
20
Let l = 1092 + -1101. Let d(o) = 3*o + 36. What is d(l)?
9
Let r(s) = s**3 + s**2 + 2*s - 1. Let o be r(-2). Let k be ((-3)/o)/((-2)/6). Let v(h) be the first derivative of -9*h**4/4 - 2*h**3/3 + h - 10. Calculate v(k).
8
Suppose 2*p + 2 = -g - g, -2*g + 18 = -3*p. Let x(k) be the first derivative of 2 + 3*k + 1/2*k**2 - 1/4*k**4 + k**3. Give x(g).
6
Let w(p) = -p**3 - 8*p**2 + 31*p - 22. Let n be w(-11). Let k(q) = 2*q**2 + 2*q - 4. What is k(n)?
-4
Let x(o) = -o**2 - 26*o + 1. Let d be x(-19). Let h = 131 - d. Let b(z) = -z**2 - 3*z. Calculate b(h).
0
Let c = -1 - -3. Let w(z) = -2*z**2 + z**c - 5*z + 2*z**2 + 0*z**2. Let o(l) = 2*l**2 - 6*l + 6. Let t be o(3). What is w(t)?
6
Let v(f) be the first derivative of f**4/4 - 5*f**3/3 + f**2 + f - 3. Suppose -r + 2*s = -s - 19, -r - 5 = 5*s. Let t = -6 + r. What is v(t)?
-7
Let o(y) = y**3 - 6*y**2 + 7*y + 3. Let k = -304 - -309. What is o(k)?
13
Let h(s) be the third derivative of 0 + 0*s - 1/6*s**3 + s**2 - 1/6*s**4. Let c = 146 + -144. Give h(c).
-9
Suppose -3*h = -2*i - 4*h - 7, 5*i - 2*h = -31. Let r(m) = 3*m - 12. Let c(b) = b - 6. Let v(f) = i*c(f) + 2*r(f). What is v(0)?
6
Suppose 4*n + 14 = 3*u, -2*u = u + 5*n + 4. Let f(r) = -2*r. Give f(u).
-4
Let p(x) = -2*x + 15. Let k be p(7). Let f(y) = -y - 3*y + 6*y + k. Give f(2).
5
Suppose -3 + 6 = 3*l. Let u(c) be the first derivative of -5*c**4/4 + c**2/2 + 142. Determine u(l).
-4
Let p(y) = -5*y - y + 11*y + y + 4*y. Give p(2).
20
Let v(p) be the first derivative of -p**4/4 - p**3 + 3*p**2 + 6*p + 358. What is v(-4)?
-2
Let m(i) = 2*i**2 + i - 2. Let c = 25 - 27. Let b be -2 - ((-3)/c)/((-39)/104). Determine m(b).
8
Let u(n) = -n**3 + n**2 + n + 1. Let p(t) = 2*t**3 - 8*t**2 + 2*t - 3. Let d(j) = p(j) + 3*u(j). Suppose 114481*m - 30 = 114486*m. What is d(m)?
6
Let j(l) be the third derivative of -l**5/60 + 5*l**3/6 + 4*l**2. Suppose 5*k = 5 + 10, 2*w + 4*k = 20. What is j(w)?
-11
Let i(p) = -p**2 - 4*p + 7. Suppose 0 = 